{"id":57,"date":"2020-10-20T11:59:40","date_gmt":"2020-10-20T11:59:40","guid":{"rendered":"https:\/\/iot-ngin.eu\/?page_id=57"},"modified":"2020-11-24T14:26:28","modified_gmt":"2020-11-24T14:26:28","slug":"pilots","status":"publish","type":"page","link":"https:\/\/iot-ngin.eu\/index.php\/pilots\/","title":{"rendered":"PILOTS"},"content":{"rendered":"<p>[vc_row][vc_column][vc_custom_heading text=&#8221;Living Labs Validation&#8221; font_container=&#8221;tag:h1|font_size:38|text_align:center|color:%23009dfa&#8221; google_fonts=&#8221;font_family:Montserrat%3Aregular%2C700|font_style:400%20regular%3A400%3Anormal&#8221;][\/vc_column][\/vc_row][vc_row el_class=&#8221;list&#8221;][vc_column width=&#8221;1\/2&#8243;][vc_empty_space][vc_empty_space][vc_column_text el_class=&#8221;text&#8221;]The IoT-NGIN outcomes will be validated across a multitude of real-life use cases through 7 trials, involving 5 living labs and 1 IoT\/5G lab. The areas of validation address cross-cutting issues, including:<\/p>\n<p>&nbsp;<\/p>\n<ul>\n<li>5G New Radio &amp; Edge Cloud connectivity<\/li>\n<li>Resource Self-Awareness &amp; Dynamic Connectivity<\/li>\n<li>Cross Blockchains\/DLT data sovereignty<\/li>\n<li>Federated ML\/ Edge Cloud ML Aggregation<\/li>\n<li>Trained ML model sharing (e.g. AGV\/AGLV)<\/li>\n<li>Human Centric\/AR applications Design<\/li>\n<li>Cybersecurity attacks on Privacy preserving ML<\/li>\n<li>Privacy preserving Cross-Trial\/ borders Federation<\/li>\n<li>3rd Party Application Support<\/li>\n<\/ul>\n<p>[\/vc_column_text][\/vc_column][vc_column width=&#8221;1\/2&#8243;][vc_single_image image=&#8221;964&#8243; img_size=&#8221;full&#8221; alignment=&#8221;center&#8221; onclick=&#8221;link_image&#8221;][\/vc_column][\/vc_row][vc_row][vc_column][vc_empty_space][vc_empty_space][\/vc_column][\/vc_row][vc_row][vc_column][vc_empty_space][vc_empty_space][\/vc_column][\/vc_row][vc_row][vc_column width=&#8221;1\/3&#8243;][vc_single_image image=&#8221;1056&#8243; img_size=&#8221;350&#215;175&#8243; alignment=&#8221;center&#8221; onclick=&#8221;custom_link&#8221; link=&#8221;https:\/\/iot-ngin.eu\/index.php\/trial-1\/&#8221;][vc_column_text]The focus of the first trial is on comprehensive integration and evaluation throughout the development of the IoT-NGIN technologies. The task will ensure that the IoT-NGIN&#8230;[\/vc_column_text][vc_btn title=&#8221;Read More&#8221; shape=&#8221;square&#8221; color=&#8221;primary&#8221; size=&#8221;lg&#8221; align=&#8221;center&#8221; link=&#8221;url:https%3A%2F%2Fiot-ngin.eu%2Findex.php%2Ftrial-1%2F|title:Trial%20%231&#8243;][\/vc_column][vc_column width=&#8221;1\/3&#8243;][vc_single_image image=&#8221;981&#8243; img_size=&#8221;350&#215;175&#8243; alignment=&#8221;center&#8221; onclick=&#8221;custom_link&#8221; link=&#8221;https:\/\/iot-ngin.eu\/index.php\/trial-2\/&#8221;][vc_column_text]When the European Parliament compared 468 European cities, Helsinki was ranked within the top six. Propelled by agile city development policies, Helsinki is planning to stay at the cutting edge&#8230;[\/vc_column_text][vc_btn title=&#8221;Read More&#8221; shape=&#8221;square&#8221; color=&#8221;primary&#8221; size=&#8221;lg&#8221; align=&#8221;center&#8221; link=&#8221;url:https%3A%2F%2Fiot-ngin.eu%2Findex.php%2Ftrial-2%2F|title:Trial%20%232&#8243;][\/vc_column][vc_column width=&#8221;1\/3&#8243;][vc_single_image image=&#8221;542&#8243; img_size=&#8221;350&#215;175&#8243; alignment=&#8221;center&#8221; onclick=&#8221;custom_link&#8221; link=&#8221;https:\/\/iot-ngin.eu\/index.php\/trial-3\/&#8221;][vc_column_text]This use case is expected to demonstrate significant benefits arising from IoT exploitation in optimizing various aspects of smart agriculture. The involved IoT devices include multiple types&#8230;[\/vc_column_text][vc_btn title=&#8221;Read More&#8221; shape=&#8221;square&#8221; color=&#8221;primary&#8221; size=&#8221;lg&#8221; align=&#8221;center&#8221; link=&#8221;url:https%3A%2F%2Fiot-ngin.eu%2Findex.php%2Ftrial-3%2F|title:Trial%20%233&#8243;][\/vc_column][\/vc_row][vc_row][vc_column width=&#8221;1\/3&#8243;][vc_single_image image=&#8221;996&#8243; img_size=&#8221;350&#215;175&#8243; alignment=&#8221;center&#8221; onclick=&#8221;custom_link&#8221; link=&#8221;https:\/\/iot-ngin.eu\/index.php\/trial-4-trial5\/&#8221;][vc_column_text]The first Industry 4.0 Living lab will validate the IoT-NGIN federation framework in real-life applications implemented at BOSCH\u2019s facilities (Trial#4) in Barcelona.[\/vc_column_text][vc_btn title=&#8221;Read More&#8221; shape=&#8221;square&#8221; color=&#8221;primary&#8221; size=&#8221;lg&#8221; align=&#8221;center&#8221; link=&#8221;url:https%3A%2F%2Fiot-ngin.eu%2Findex.php%2Ftrial-4%2F|title:Trial%20%234&#8243;][\/vc_column][vc_column width=&#8221;1\/3&#8243;][vc_single_image image=&#8221;1003&#8243; img_size=&#8221;350&#215;175&#8243; alignment=&#8221;center&#8221; onclick=&#8221;custom_link&#8221; link=&#8221;https:\/\/iot-ngin.eu\/index.php\/trial-4-trial5\/&#8221;][vc_column_text]The second Industry 4.0 Living lab will validate the IoT-NGIN federation framework in real-life applications implemented ABB facilities (Trial#5) in Pit\u00e4j\u00e4nm\u00e4ki, Helsinki&#8230;[\/vc_column_text][vc_btn title=&#8221;Read More&#8221; shape=&#8221;square&#8221; color=&#8221;primary&#8221; size=&#8221;lg&#8221; align=&#8221;center&#8221; link=&#8221;url:https%3A%2F%2Fiot-ngin.eu%2Findex.php%2Ftrial-5%2F|title:Trial%20%235&#8243;][\/vc_column][vc_column width=&#8221;1\/3&#8243;][vc_single_image image=&#8221;806&#8243; img_size=&#8221;350&#215;175&#8243; alignment=&#8221;center&#8221; onclick=&#8221;custom_link&#8221; link=&#8221;https:\/\/iot-ngin.eu\/index.php\/trial-6\/&#8221;][vc_column_text]This use case is expected to implement a smart energy pilot implemented by ASM, the Terni municipal electricity and gas distribution network operator, and EMOT in Terni (Italy). The trial&#8230;[\/vc_column_text][vc_btn title=&#8221;Read More&#8221; shape=&#8221;square&#8221; color=&#8221;primary&#8221; size=&#8221;lg&#8221; align=&#8221;center&#8221; link=&#8221;url:https%3A%2F%2Fiot-ngin.eu%2Findex.php%2Ftrial-6%2F|title:Trial%20%236&#8243;][\/vc_column][\/vc_row][vc_row][vc_column][vc_empty_space][vc_empty_space][\/vc_column][\/vc_row][vc_row][vc_column width=&#8221;1\/3&#8243;][\/vc_column][vc_column width=&#8221;1\/3&#8243;][vc_single_image image=&#8221;546&#8243; img_size=&#8221;350&#215;175&#8243; alignment=&#8221;center&#8221; onclick=&#8221;custom_link&#8221; link=&#8221;https:\/\/iot-ngin.eu\/index.php\/trial-6\/&#8221;][vc_column_text]IoT-NGIN pilots will be federated to enable cross-IoT-NGIN services deployment. This federation will be further extended via new partners joining IoT-NGIN via Open Calls. A number of technologies&#8230;[\/vc_column_text][vc_btn title=&#8221;Read More&#8221; shape=&#8221;square&#8221; color=&#8221;primary&#8221; size=&#8221;lg&#8221; align=&#8221;center&#8221; link=&#8221;url:https%3A%2F%2Fiot-ngin.eu%2Findex.php%2Ftrial-7%2F|title:Trial%20%237&#8243;][\/vc_column][vc_column width=&#8221;1\/3&#8243;][\/vc_column][\/vc_row][vc_row][vc_column width=&#8221;1\/3&#8243;][\/vc_column][vc_column width=&#8221;1\/3&#8243;][\/vc_column][vc_column width=&#8221;1\/3&#8243;][\/vc_column][\/vc_row]<\/p>\n","protected":false},"excerpt":{"rendered":"<p>[vc_row][vc_column][vc_custom_heading text=&#8221;Living Labs Validation&#8221; font_container=&#8221;tag:h1|font_size:38|text_align:center|color:%23009dfa&#8221; google_fonts=&#8221;font_family:Montserrat%3Aregular%2C700|font_style:400%20regular%3A400%3Anormal&#8221;][\/vc_column][\/vc_row][vc_row el_class=&#8221;list&#8221;][vc_column width=&#8221;1\/2&#8243;][vc_empty_space][vc_empty_space][vc_column_text el_class=&#8221;text&#8221;]The IoT-NGIN outcomes will be validated across a multitude of real-life use cases through 7 trials, involving 5 living labs and 1 IoT\/5G lab. The areas of validation address cross-cutting issues, including: &hellip;<\/p>\n","protected":false},"author":1,"featured_media":0,"parent":0,"menu_order":0,"comment_status":"closed","ping_status":"closed","template":"","meta":{"_mi_skip_tracking":false,"footnotes":""},"yoast_head":"<!-- This site is optimized with the Yoast SEO plugin v17.6 - https:\/\/yoast.com\/wordpress\/plugins\/seo\/ -->\n<title>PILOTS - IOT NGIN<\/title>\n<meta name=\"robots\" content=\"index, follow, max-snippet:-1, max-image-preview:large, max-video-preview:-1\" \/>\n<link rel=\"canonical\" href=\"https:\/\/iot-ngin.eu\/index.php\/pilots\/\" \/>\n<meta property=\"og:locale\" content=\"en_US\" \/>\n<meta property=\"og:type\" content=\"article\" \/>\n<meta property=\"og:title\" content=\"PILOTS - IOT NGIN\" \/>\n<meta property=\"og:description\" content=\"[vc_row][vc_column][vc_custom_heading text=&#8221;Living Labs Validation&#8221; font_container=&#8221;tag:h1|font_size:38|text_align:center|color:%23009dfa&#8221; google_fonts=&#8221;font_family:Montserrat%3Aregular%2C700|font_style:400%20regular%3A400%3Anormal&#8221;][\/vc_column][\/vc_row][vc_row el_class=&#8221;list&#8221;][vc_column width=&#8221;1\/2&#8243;][vc_empty_space][vc_empty_space][vc_column_text el_class=&#8221;text&#8221;]The IoT-NGIN outcomes will be validated across a multitude of real-life use cases through 7 trials, involving 5 living labs and 1 IoT\/5G lab. The areas of validation address cross-cutting issues, including: &hellip;\" \/>\n<meta property=\"og:url\" content=\"https:\/\/iot-ngin.eu\/index.php\/pilots\/\" \/>\n<meta property=\"og:site_name\" content=\"IOT NGIN\" \/>\n<meta property=\"article:modified_time\" content=\"2020-11-24T14:26:28+00:00\" \/>\n<meta name=\"twitter:card\" content=\"summary_large_image\" \/>\n<meta name=\"twitter:label1\" content=\"Est. reading time\" \/>\n\t<meta name=\"twitter:data1\" content=\"4 minutes\" \/>\n<script type=\"application\/ld+json\" class=\"yoast-schema-graph\">{\"@context\":\"https:\/\/schema.org\",\"@graph\":[{\"@type\":\"WebSite\",\"@id\":\"https:\/\/iot-ngin.eu\/#website\",\"url\":\"https:\/\/iot-ngin.eu\/\",\"name\":\"IOT NGIN\",\"description\":\"\",\"potentialAction\":[{\"@type\":\"SearchAction\",\"target\":{\"@type\":\"EntryPoint\",\"urlTemplate\":\"https:\/\/iot-ngin.eu\/?s={search_term_string}\"},\"query-input\":\"required name=search_term_string\"}],\"inLanguage\":\"en-US\"},{\"@type\":\"WebPage\",\"@id\":\"https:\/\/iot-ngin.eu\/index.php\/pilots\/#webpage\",\"url\":\"https:\/\/iot-ngin.eu\/index.php\/pilots\/\",\"name\":\"PILOTS - IOT NGIN\",\"isPartOf\":{\"@id\":\"https:\/\/iot-ngin.eu\/#website\"},\"datePublished\":\"2020-10-20T11:59:40+00:00\",\"dateModified\":\"2020-11-24T14:26:28+00:00\",\"breadcrumb\":{\"@id\":\"https:\/\/iot-ngin.eu\/index.php\/pilots\/#breadcrumb\"},\"inLanguage\":\"en-US\",\"potentialAction\":[{\"@type\":\"ReadAction\",\"target\":[\"https:\/\/iot-ngin.eu\/index.php\/pilots\/\"]}]},{\"@type\":\"BreadcrumbList\",\"@id\":\"https:\/\/iot-ngin.eu\/index.php\/pilots\/#breadcrumb\",\"itemListElement\":[{\"@type\":\"ListItem\",\"position\":1,\"name\":\"Home\",\"item\":\"https:\/\/iot-ngin.eu\/\"},{\"@type\":\"ListItem\",\"position\":2,\"name\":\"PILOTS\"}]}]}<\/script>\n<!-- \/ Yoast SEO plugin. -->","yoast_head_json":{"title":"PILOTS - IOT NGIN","robots":{"index":"index","follow":"follow","max-snippet":"max-snippet:-1","max-image-preview":"max-image-preview:large","max-video-preview":"max-video-preview:-1"},"canonical":"https:\/\/iot-ngin.eu\/index.php\/pilots\/","og_locale":"en_US","og_type":"article","og_title":"PILOTS - IOT NGIN","og_description":"[vc_row][vc_column][vc_custom_heading text=&#8221;Living Labs Validation&#8221; font_container=&#8221;tag:h1|font_size:38|text_align:center|color:%23009dfa&#8221; google_fonts=&#8221;font_family:Montserrat%3Aregular%2C700|font_style:400%20regular%3A400%3Anormal&#8221;][\/vc_column][\/vc_row][vc_row el_class=&#8221;list&#8221;][vc_column width=&#8221;1\/2&#8243;][vc_empty_space][vc_empty_space][vc_column_text el_class=&#8221;text&#8221;]The IoT-NGIN outcomes will be validated across a multitude of real-life use cases through 7 trials, involving 5 living labs and 1 IoT\/5G lab. The areas of validation address cross-cutting issues, including: &hellip;","og_url":"https:\/\/iot-ngin.eu\/index.php\/pilots\/","og_site_name":"IOT NGIN","article_modified_time":"2020-11-24T14:26:28+00:00","twitter_card":"summary_large_image","twitter_misc":{"Est. reading time":"4 minutes"},"schema":{"@context":"https:\/\/schema.org","@graph":[{"@type":"WebSite","@id":"https:\/\/iot-ngin.eu\/#website","url":"https:\/\/iot-ngin.eu\/","name":"IOT NGIN","description":"","potentialAction":[{"@type":"SearchAction","target":{"@type":"EntryPoint","urlTemplate":"https:\/\/iot-ngin.eu\/?s={search_term_string}"},"query-input":"required name=search_term_string"}],"inLanguage":"en-US"},{"@type":"WebPage","@id":"https:\/\/iot-ngin.eu\/index.php\/pilots\/#webpage","url":"https:\/\/iot-ngin.eu\/index.php\/pilots\/","name":"PILOTS - IOT NGIN","isPartOf":{"@id":"https:\/\/iot-ngin.eu\/#website"},"datePublished":"2020-10-20T11:59:40+00:00","dateModified":"2020-11-24T14:26:28+00:00","breadcrumb":{"@id":"https:\/\/iot-ngin.eu\/index.php\/pilots\/#breadcrumb"},"inLanguage":"en-US","potentialAction":[{"@type":"ReadAction","target":["https:\/\/iot-ngin.eu\/index.php\/pilots\/"]}]},{"@type":"BreadcrumbList","@id":"https:\/\/iot-ngin.eu\/index.php\/pilots\/#breadcrumb","itemListElement":[{"@type":"ListItem","position":1,"name":"Home","item":"https:\/\/iot-ngin.eu\/"},{"@type":"ListItem","position":2,"name":"PILOTS"}]}]}},"_links":{"self":[{"href":"https:\/\/iot-ngin.eu\/index.php\/wp-json\/wp\/v2\/pages\/57"}],"collection":[{"href":"https:\/\/iot-ngin.eu\/index.php\/wp-json\/wp\/v2\/pages"}],"about":[{"href":"https:\/\/iot-ngin.eu\/index.php\/wp-json\/wp\/v2\/types\/page"}],"author":[{"embeddable":true,"href":"https:\/\/iot-ngin.eu\/index.php\/wp-json\/wp\/v2\/users\/1"}],"replies":[{"embeddable":true,"href":"https:\/\/iot-ngin.eu\/index.php\/wp-json\/wp\/v2\/comments?post=57"}],"version-history":[{"count":61,"href":"https:\/\/iot-ngin.eu\/index.php\/wp-json\/wp\/v2\/pages\/57\/revisions"}],"predecessor-version":[{"id":1058,"href":"https:\/\/iot-ngin.eu\/index.php\/wp-json\/wp\/v2\/pages\/57\/revisions\/1058"}],"wp:attachment":[{"href":"https:\/\/iot-ngin.eu\/index.php\/wp-json\/wp\/v2\/media?parent=57"}],"curies":[{"name":"wp","href":"https:\/\/api.w.org\/{rel}","templated":true}]}}